hen 187704 is divided by 93016?
1672
Calculate the remainder when 1219012 is divided by 2300.
12
Calculate the remainder when 712953 is divided by 20369.
38
What is the remainder when 873313180 is divided by 14?
12
Calculate the remainder when 4501 is divided by 105.
91
What is the remainder when 4232345 is divided by 325565?
0
Calculate the remainder when 388472 is divided by 62.
42
Calculate the remainder when 1376487 is divided by 201.
39
What is the remainder when 23213167 is divided by 326?
11
What is the remainder when 1309224 is divided by 10644?
12
What is the remainder when 146614 is divided by 12946?
4208
What is the remainder when 74923 is divided by 467?
203
Calculate the remainder when 458726 is divided by 497.
492
Calculate the remainder when 769060 is divided by 45234.
82
What is the remainder when 4679501 is divided by 137?
129
What is the remainder when 187190 is divided by 46796?
6
What is the remainder when 4262633 is divided by 18?
17
What is the remainder when 182670 is divided by 211?
155
Calculate the remainder when 290735 is divided by 767.
42
What is the remainder when 14554 is divided by 1941?
967
Calculate the remainder when 64851 is divided by 21607.
30
Calculate the remainder when 18438040 is divided by 13.
10
What is the remainder when 178095 is divided by 25436?
43
Calculate the remainder when 2699746 is divided by 25.
21
Calculate the remainder when 53829 is divided by 4674.
2415
What is the remainder when 39415 is divided by 8040?
7255
Calculate the remainder when 3870655 is divided by 359.
276
Calculate the remainder when 924797 is divided by 2750.
797
What is the remainder when 269545987 is divided by 3217?
3208
What is the remainder when 1671222 is divided by 250?
222
What is the remainder when 19532335 is divided by 1775665?
20
What is the remainder when 5239493 is divided by 2619647?
199
What is the remainder when 19433931 is divided by 4?
3
What is the remainder when 157671 is divided by 538?
37
Calculate the remainder when 1485913 is divided by 3273.
3244
Calculate the remainder when 17449754 is divided by 164.
154
Calculate the remainder when 2240158631 is divided by 122.
121
Calculate the remainder when 6227770 is divided by 25011.
31
What is the remainder when 1200854 is divided by 120060?
254
What is the remainder when 22886500 is divided by 145?
135
What is the remainder when 361031367 is divided by 7228?
7223
Calculate the remainder when 3804012 is divided by 45.
27
What is the remainder when 478169972 is divided by 3205?
3202
What is the remainder when 1011711 is divided by 1011671?
40
Calculate the remainder when 5624588 is divided by 86532.
8
Calculate the remainder when 1553840 is divided by 212.
92
Calculate the remainder when 64056 is divided by 20956.
1188
Calculate the remainder when 948567 is divided by 1540.
1467
Calculate the remainder when 99273 is divided by 7781.
5901
Calculate the remainder when 188708212 is divided by 6.
4
What is the remainder when 160764 is divided by 963?
906
Calculate the remainder when 4269020 is divided by 929.
265
Calculate the remainder when 2693020 is divided by 170.
50
Calculate the remainder when 17652324 is divided by 535.
534
Calculate the remainder when 2484588 is divided by 138024.
156
What is the remainder when 497282321 is divided by 1214?
1213
Calculate the remainder when 726331220 is divided by 9.
8
What is the remainder when 33653442 is divided by 164163?
27
What is the remainder when 810250 is divided by 466?
342
What is the remainder when 1764790 is divided by 38363?
92
Calculate the remainder when 28160 is divided by 602.
468
Calculate the remainder when 20443847 is divided by 228.
227
Calculate the remainder when 26108 is divided by 6527.
0
What is the remainder when 127754 is divided by 9124?
18
What is the remainder when 9511818 is divided by 132?
30
Calculate the remainder when 846350 is divided by 52723.
2782
What is the remainder when 118539987 is divided by 59269974?
39
What is the remainder when 124121 is divided by 41246?
383
Calculate the remainder when 1132784 is divided by 2406.
1964
What is the remainder when 14847499 is divided by 101695?
29
Calculate the remainder when 3266131 is divided by 283.
28
What is the remainder when 3096675 is divided by 2149?
2115
What is the remainder when 23269994 is divided by 394?
354
Calculate the remainder when 6691449 is divided by 128.
121
What is the remainder when 743639 is divided by 474?
407
What is the remainder when 3264134 is divided by 4490?
4394
What is the remainder when 75122 is divided by 64476?
10646
Calculate the remainder when 113323830 is divided by 20.
10
Calculate the remainder when 2308091 is divided by 198.
5
What is the remainder when 1430470 is divided by 7324?
2290
Calculate the remainder when 37089 is divided by 482.
457
What is the remainder when 24719903 is divided by 13810?
3
Calculate the remainder when 28212266 is divided by 47.
46
Calculate the remainder when 1897636 is divided by 129.
46
Calculate the remainder when 30105979 is divided by 645.
604
What is the remainder when 137066 is divided by 230?
216
Calculate the remainder when 1315948 is divided by 12.
4
Calculate the remainder when 306220 is divided by 42.
40
What is the remainder when 2367881 is divided by 473573?
16
What is the remainder when 453853 is divided by 41238?
235
Calculate the remainder when 32651778 is divided by 44.
38
What is the remainder when 6579803 is divided by 939966?
41
What is the remainder when 262997 is divided by 90?
17
What is the remainder when 24901 is divided by 1913?
32
What is the remainder when 169135 is divided by 1072?
831
What is the remainder when 8860 is divided by 8731?
129
What is the remainder when 232269 is divided by 2445?
2439
What is the remainder when 294967 is divided by 98088?
703
What is the remainder when 5845733 is divided by 233829?
8
Calculate the remainder when 768488 is divided by 125.
113
What is the remainder when 671284 is divided by 288?
244
What is the remainder when 1373290 is divided by 459?
421
Calculate the remainder when 1654809 is divided by 2470.
2379
Calculate the remainder when 2495311 is divided by 1247621.
69
What is the remainder when 3520774 is divided by 51776?
6
Calculate the remainder when 4667121 is divided by 8675.
8646
Calculate the remainder when 32099 is divided by 3976.
291
Calculate the remainder when 3965530 is divided by 694.
14
Calculate the remainder when 34469317 is divided by 70.
57
What is the remainder when 222381 is divided by 150?
81
Calculate the remainder when 8462037 is divided by 179.
170
What is the remainder when 1373523 is divided by 34?
25
What is the remainder when 2471433 is divided by 873?
843
Calculate the remainder when 239154 is divided by 334.
10
What is the remainder when 99074 is divided by 280?
234
What is the remainder when 119722 is divided by 2222?
1956
Calculate the remainder when 123539 is divided by 228.
191
Calculate the remainder when 5258755 is divided by 876457.
13
Calculate the remainder when 26972126 is divided by 328928.
30
What is the remainder when 46224 is divided by 46217?
7
Calculate the remainder when 90772 is divided by 882.
808
What is the remainder when 1333363 is divided by 7286?
25
What is the remainder when 2051839 is divided by 5029?
7
What is the remainder when 800537 is divided by 800524?
13
Calculate the remainder when 42095 is divided by 1480.
655
What is the remainder when 14016611 is divided by 7008302?
7
Calculate the remainder when 919434 is divided by 306452.
78
Calculate the remainder when 26555830 is divided by 2829.
7
Calculate the remainder when 2382915 is divided by 957.
942
Calculate the remainder when 16179790 is divided by 68850.
40
Calculate the remainder when 138165809 is divided by 33189.
2
What is the remainder when 1260937 is divided by 790?
97
Calculate the remainder when 396003 is divided by 65907.
561
What is the remainder when 6813139 is divided by 681312?
19
What is the remainder when 32672 is divided by 7405?
3052
Calculate the remainder when 460894 is divided by 230234.
426
Calculate the remainder when 300723 is divided by 765.
78
Calculate the remainder when 609953 is divided by 11089.
58
What is the remainder when 9879890 is divided by 1